f x and 348.
58
Let i(k) = -k**3 - 12*k**2 - 14*k - 28. Suppose 0 = -x - 3*j - 20, x + 3*x + j = -47. Let t be i(x). Calculate the greatest common factor of 1 and t.
1
Let g = -14 - -30. Suppose -65 = -6*w + 1. Let s be (-48)/(-15)*(w + 1 + 3). What is the greatest common divisor of g and s?
16
Suppose 1458*d - 3018 = 1466*d - 11962. What is the greatest common factor of d and 129?
43
Suppose -2*q + 24 = 2*q. Let a be (7/((-63)/(-30)))/((-8)/(-12)). Suppose a*c = -4*x + 5*x - 43, c = -3*x + 49. Calculate the highest common divisor of x and q.
6
Suppose 50 + 355 = -15*t. Let a be (t + -1)*(-9)/18. What is the highest common factor of 70 and a?
14
Suppose -951 + 3491 = 5*u. Let n = u + -242. Calculate the greatest common divisor of n and 56.
14
Let p be 9*1 - (4 - 8 - -8). Let r(t) = -2*t**2 - 13*t - 1. Let o be r(-6). Calculate the highest common divisor of p and o.
5
Suppose -66*q + 7700 - 759 + 8767 = 0. Let c be 64/4 - 2*1. What is the greatest common factor of c and q?
14
Suppose 5*x + 25 = 36*g - 41*g, 3*g = -5*x - 19. Let j = 245 + x. What is the highest common divisor of 54 and j?
27
Suppose 4*k + 3*y - 65 = 0, -18 = 4*y + 2. Let b(v) = -20*v - 11. Let i be b(-8). Let x = i - -31. What is the highest common divisor of x and k?
20
Suppose -5*x - 6 - 21 = 3*v, 4*v + 16 = 0. Let r be (x/6)/((-3)/1143)*-2. Let u = -40 - r. What is the highest common factor of u and 31?
31
Let d be (-1309)/(-189) + (-4)/(-54). Suppose 4*q = -3*f + 22, f - d*q + 11 = -12*q. Let t = 111 + -69. Calculate the highest common factor of f and t.
14
Let x(i) = -2*i**3 - 20*i**2 - 19*i + 30. Let q be x(-17). Suppose 5606 = 29*d - q. Calculate the highest common divisor of d and 15.
15
Suppose -95*r + 505*r - 14760 = 0. Let f = 170 + -107. Calculate the greatest common factor of r and f.
9
Suppose 5*r = -3*r. Suppose r*u - 5*u + 35 = 0. Suppose 12*l - u*l - 20 = 0. What is the greatest common factor of l and 20?
4
Let j be (-2)/(-6) + (-200)/(-3) - 3. Let g = 1254 - 710. Calculate the greatest common factor of j and g.
32
Let h(a) = 724*a**2 + 151*a - 597. Let r be h(4). What is the greatest common divisor of 402 and r?
67
Let p = -230 - -235. Suppose p*o - 1391 = 1129. Calculate the highest common factor of o and 56.
56
Suppose 61*o = 69*o - 2040. Calculate the highest common factor of o and 105.
15
Let n(m) = -m**3 + 7*m**2 + 2*m + 2. Let p be n(7). Let c be (-467 + 463)/(2/4 - 53/104). What is the highest common factor of c and p?
16
Let x(h) be the second derivative of h**5/10 - 5*h**4/12 - 11*h**3/6 + 3*h**2 + 114*h. Let i be x(4). Calculate the greatest common factor of i and 2.
2
Suppose -4*y + 338 = 30. Suppose n = 8*n - y. Suppose -430 = -5*i + 2*v, -i + 5*v + 18 = -45. What is the highest common divisor of i and n?
11
Let l be (21/14)/(-3)*-177*4. Let t = 434 - l. What is the highest common factor of 440 and t?
40
Suppose 0 = -v - 89 + 92. Suppose -l = 2*u - 157, v*l = -l + 4*u + 652. What is the greatest common factor of l and 46?
23
Suppose -6*c + 6728 - 23384 = 0. Let q = -1636 - c. Calculate the highest common divisor of q and 60.
60
Suppose 2*y + 7 = 11. Let r(x) = -45 + x - x + y*x**2 + 35. Let q be r(5). Calculate the greatest common divisor of 60 and q.
20
Let b(r) = -4*r**3 - 5*r**2 - 7*r - 4. Let f be b(-1). Suppose 8*t - 335 = -5*d + 3*t, f*t = 2*d - 118. Calculate the highest common divisor of 1071 and d.
63
Suppose -5*d + 560 = 4*h - h, 0 = -5*h + 5*d + 920. Suppose -10*b = -h - 5. Calculate the greatest common factor of b and 57.
19
Suppose -557 = -6*d + 149 + 422. Calculate the greatest common factor of 376 and d.
188
Suppose 0 = -96*z + 246*z - 1675050. What is the greatest common factor of 26 and z?
13
Suppose -2444 = -13*d - 4*d - 9*d. Calculate the highest common factor of 2961 and d.
47
Let x be (33/6)/(-11) + (-33)/(-6). Let t be 146*(2/4 + 3). Suppose -x*r - j + t = 3*j, -107 = -r - 2*j. What is the greatest common factor of r and 11?
11
Let l = -29 + 74. Suppose 36*i - 54 = 34*i. What is the greatest common factor of i and l?
9
Let c be 52/((1/4)/((-165)/(-40))). Let y = 292 + -259. What is the greatest common factor of c and y?
33
Suppose -9*c + 912 = 714. What is the highest common divisor of c and 1232?
22
Let k be 4/((-36)/33)*-9*3/9. What is the greatest common factor of k and 176?
11
Let d be 11/(154/651)*6/3. Let z = 154 - 92. Calculate the highest common divisor of z and d.
31
Suppose 69*w + 14*w = 27307. What is the greatest common factor of w and 35?
7
Suppose -72*t + 406 + 4994 = 0. Calculate the highest common divisor of 1075 and t.
25
Let r(y) = 2*y**3 - 12*y**2 - 8*y + 1. Let b be r(10). Let x = b + -346. What is the highest common divisor of x and 15?
15
Let h be (-7)/(0 + (-1)/15). Suppose c + h = 4*c. Suppose -688*k - 23 = -687*k + 5*o, 3*k + 2*o = 9. What is the highest common divisor of k and c?
7
Suppose -3*h = -2*c - 1676, c + 3513 = h + 2952. Calculate the greatest common divisor of h and 20.
2
Let v = -1173 + 1382. Calculate the highest common divisor of v and 33.
11
Let a be (-2 + -2)/(5 + 171/(-27)). Suppose 85 = -a*q + 175. Calculate the greatest common factor of q and 36.
6
Let d(f) = 95*f - 23*f + 11 - 22*f + 6*f**2 - 37*f. Let y be d(-10). Calculate the greatest common divisor of y and 37.
37
Suppose 79*b - 1860 = 17*b. Calculate the greatest common factor of b and 1545.
15
Let s = 266 - -326. Let u = 596 - s. What is the highest common factor of 68 and u?
4
Let l be (147/(-2))/((-6)/132). Suppose -4*f + p + l = 44, 0 = f - 3*p - 407. Suppose -3*v - 62 = -f. What is the highest common factor of 11 and v?
11
Let t = -76 - -109. Calculate the highest common factor of 1133 and t.
11
Let w be (2802/7)/(19 + (-3975)/210). What is the greatest common divisor of 24 and w?
12
Let w = 282 + -277. Let n be (6 - -6)*2/8. Let v be (1/n)/((-10)/(-150)). Calculate the highest common factor of w and v.
5
Suppose 46*m + 475 = 2611 + 72. Calculate the highest common factor of m and 1216.
16
Let u(x) = 34*x - 394. Let q be u(12). Suppose q*y - 286 = -76. Suppose 2*w - 81 = -21. Calculate the highest common factor of w and y.
15
Let f be ((-29)/(-58))/((-446)/600 + 3/4). Calculate the highest common divisor of 405 and f.
15
Suppose a + 172 = 3*h + 63, -a = -5. Suppose 10*z - 148 = -h. What is the greatest common factor of 517 and z?
11
Suppose 5*i - 725 = 5*g, 300 = 10*i - 8*i + 3*g. Calculate the highest common divisor of 42 and i.
21
Let s(d) = -7 - 488 - 13*d + 13. Let x be s(-38). Calculate the greatest common divisor of 1236 and x.
12
Suppose 164 = 10*u - 136. Suppose -200 = -u*g + 28*g. Calculate the highest common divisor of g and 60.
20
Suppose -58883 - 14732 = -12*g + 56465. What is the highest common factor of g and 40?
40
Let w be (85 - -1)/2 - 3. Suppose 0 = 2*z - 6*z + w. Let x = 207 + -182. Calculate the highest common divisor of x and z.
5
Let w = -515 + 898. Let v = w - 379. Let y be (-4)/(-10) + (-516)/(-10). Calculate the highest common factor of v and y.
4
Suppose -59*m = -126*m + 335. Calculate the highest common divisor of m and 5465.
5
Let p(q) = -7*q**3 - 21*q**2 - 14*q. Let w be p(-4). Calculate the highest common divisor of 294 and w.
42
Let d = -3113 + 3140. Calculate the highest common factor of d and 8.
1
Let t = 5252 - 3939. Calculate the greatest common divisor of 26 and t.
13
Suppose -z + 6*z = 250. Suppose 676 = -107*g + 2281. Calculate the highest common factor of z and g.
5
Suppose -3*a = 3*r + 261, 3*a - 50 = -2*r - 308. Let s be (16/(-48))/(1/a). Calculate the highest common divisor of 4 and s.
4
Let f be (-8)/7*(8 - (-69)/(-6)). Let u be f/42 + (-542)/(-42). Calculate the highest common divisor of u and 793.
13
Let r = -5421 - -15016. Calculate the highest common divisor of r and 95.
95
Suppose 0 = 5*p - 18*p + 1092. What is the highest common factor of p and 300?
12
Suppose 14*x - 1326 = -20*x. Suppose 2*s = x + 13. What is the highest common divisor of 10 and s?
2
Let a(o) be the third derivative of -7*o**6/30 + o**5/20 - 5*o**4/24 - o**3 + o**2 - 37*o. Let h be a(-3). Calculate the highest common divisor of 9 and h.
9
Let y = -51 - -61. Let m = 580 + -450. What is the greatest common divisor of y and m?
10
Let d(q) = -q + 35. Let p be d(13). Suppose 4*x - 3*s = 449, 4*x - 128 = 4*s 